 x(y) = y**2 - 24*y + 109. What is x(23)?
86
Let w(b) = -12*b**2 - 1032*b - 5. Calculate w(-86).
-5
Let g(z) = -7*z**2 - 125*z + 156. What is g(-19)?
4
Let j(x) = x**3 + 6*x**2 + 53*x + 323. What is j(-6)?
5
Let m(d) = 9*d**2 + 42*d - 248. Determine m(6).
328
Let d(x) = 43*x - 856. Determine d(22).
90
Let j(z) = -94*z + 3386. Give j(36).
2
Let o(p) = 8*p + 117. Determine o(-26).
-91
Let a(t) = t**2 + 27*t + 33. What is a(-10)?
-137
Let h(r) = 8*r**2 + 13*r - 74. Determine h(-4).
2
Let d(s) = -74*s - 845. Give d(-20).
635
Let u(l) = -l**2 - 991*l - 6873. What is u(-7)?
15
Let f(m) = 7*m**2 + 116*m + 476. Give f(-7).
7
Let q(j) = -47*j - 336. Give q(-8).
40
Let d(x) = 691*x - 6922. Give d(10).
-12
Let k(x) = x**3 + 10*x**2 - 46*x - 57. What is k(-13)?
34
Let v(f) = -22*f - 761. Calculate v(-47).
273
Let y(g) = g**2 + 52*g + 12. Give y(-52).
12
Let o(x) = 140*x**2 + 4*x + 2. Calculate o(1).
146
Let m(y) = -4*y**2 - 21*y + 42. Determine m(3).
-57
Let v(q) = 48*q**2 - 1873*q + 43. Calculate v(39).
4
Let z(v) = 2*v**3 - 16*v**2 - 4*v - 33. Determine z(8).
-65
Let k(z) = 568*z + 6179. Calculate k(-11).
-69
Let q(n) = -73*n + 1417. Give q(19).
30
Let f(d) = -2*d**3 + 36*d**2 + 4*d - 58. What is f(18)?
14
Let z(h) = -2*h**2 - 55*h - 282. Determine z(-5).
-57
Let p(x) = 448*x - 6731. What is p(15)?
-11
Let a(h) = -5537*h + 276853. Calculate a(50).
3
Let q(t) = t**3 + 51*t**2 + 36*t + 16. Give q(-50).
716
Let u(a) = -a**3 - 58*a**2 + 1298*a + 73100. What is u(-59)?
-1
Let v(l) = -822*l - 5752. What is v(-7)?
2
Let t(l) = l**3 + 8*l**2 + 11*l - 4. Give t(0).
-4
Let r(s) = 69*s + 23. Determine r(-2).
-115
Let z(o) = -o**2 + 63*o - 1235. Give z(36).
-263
Let x(z) = -z**3 + 6*z**2 - 189*z + 1654. Calculate x(8).
14
Let v(l) = 2*l**3 + 30*l**2 + 34*l + 91. Give v(-14).
7
Let n(z) = 4*z**2 - 453*z - 904. Give n(-2).
18
Let u(o) = -o**3 - 8*o**2 + 27*o + 86. Calculate u(-10).
16
Let p(d) = 118*d - 2. Give p(-1).
-120
Let x(w) = -w**2 + 59*w + 616. Calculate x(-8).
80
Let z(y) = 6*y + 47. Give z(-19).
-67
Let c(s) = -s**3 + 15*s**2 - 50*s - 26. Give c(6).
-2
Let u(h) = -2*h**2 - 61*h - 237. Calculate u(-26).
-3
Let v(o) = -2592*o - 134788. What is v(-52)?
-4
Let k(o) = o**2 + 640*o + 17140. Determine k(-28).
4
Let c(z) = -z**2 + 39*z + 248. What is c(46)?
-74
Let h(r) = r**3 - 10*r**2 - 43*r - 187. Determine h(14).
-5
Let g(k) = -88*k - 4696. Calculate g(-54).
56
Let w(c) = 3*c**2 + 907*c - 6472. Give w(7).
24
Let u(z) = 3*z**3 + 44*z**2 + 131*z - 84. Calculate u(-10).
6
Let c(s) = -3297*s + 3297. Calculate c(1).
0
Let t(x) = -x**3 + 15*x**2 - 49*x + 60. Calculate t(11).
5
Let t(r) = 176*r - 121. Determine t(1).
55
Let n(g) = 242*g + 9680. Calculate n(-40).
0
Let d(x) = x**3 - 17*x**2 + 62*x + 18. Determine d(11).
-26
Let r(a) = -116*a - 325. Determine r(-3).
23
Let t(h) = h**2 + 369*h + 1458. Give t(-4).
-2
Let c(n) = n**3 - 50*n**2 - 888*n + 1309. Determine c(-15).
4
Let m(t) = t**3 - 6*t**2 - 23*t + 141. Give m(6).
3
Let z(w) = -w**3 - 2*w**2 + 97*w + 104. Determine z(0).
104
Let q(c) = -1362*c + 5442. Determine q(4).
-6
Let y(l) = l**3 - 21*l**2 + 4*l + 84. Give y(20).
-236
Let j(z) = 10*z**2 + 1276*z + 3744. Calculate j(-3).
6
Let s(m) = m**3 - 12*m**2 - 410*m + 127. What is s(27)?
-8
Let s(f) = -95*f - 1772. Calculate s(-19).
33
Let q(p) = 8*p**2 + 66*p + 63. Calculate q(-8).
47
Let f(y) = y**3 + 3*y**2 + 72*y + 290. Give f(-4).
-14
Let l(o) = -258*o + 322. Give l(1).
64
Let p(r) = r**3 - 24*r**2 + 139*r - 28. Give p(9).
8
Let w(q) = q**3 - 2*q**2 - q - 29. Calculate w(5).
41
Let c(o) = -o**3 + 5*o**2 - 4*o + 19. What is c(5)?
-1
Let j(c) = 46*c + 35. Calculate j(0).
35
Let c(q) = q**3 + 10*q**2 - 26*q - 10. What is c(-12)?
14
Let p(o) = o**3 + 28*o**2 + 99*o + 48. Determine p(-23).
416
Let z(b) = b**3 - 24*b**2 - 44*b - 65. Calculate z(26).
143
Let l(u) = 11*u + 26. Determine l(3).
59
Let m(i) = 104*i - 4. Give m(0).
-4
Let t(d) = -7*d + 375. Calculate t(39).
102
Let t(u) = 3*u**2 + 475*u + 1911. What is t(-4)?
59
Let n(k) = k**2 + 8522*k - 59697. Give n(7).
6
Let r(q) = 39*q - 1134. What is r(32)?
114
Let x(g) = -66*g + 50. Determine x(4).
-214
Let z(l) = l**3 + 9*l**2 - 41*l - 37. Calculate z(-12).
23
Let u(a) = a**2 - 61*a + 682. Determine u(14).
24
Let b(h) = -61*h - 5359. Determine b(-88).
9
Let p(o) = o**3 - 29*o**2 + 146*o + 191. Calculate p(22).
15
Let p(f) = -3392*f - 111939. What is p(-33)?
-3
Let z(p) = -26*p - 153. Calculate z(-4).
-49
Let w(v) = -2*v**2 + 48*v + 405. Calculate w(-7).
-29
Let y(w) = -151*w - 1828. What is y(-14)?
286
Let o(z) = 15*z - 371. Calculate o(11).
-206
Let n(k) = -k**2 - 25*k - 155. Determine n(-17).
-19
Let s(o) = -3*o**2 - 296*o + 103. Calculate s(-99).
4
Let x(n) = -634*n - 54520. Determine x(-86).
4
Let w(r) = 2*r**2 - 456*r + 2228. Determine w(5).
-2
Let k(l) = 17*l - 864. Calculate k(50).
-14
Let j(m) = -32*m**3 + 18*m**2 - 33*m + 1. Determine j(2).
-249
Let k(c) = -4*c**3 - 16*c**2 + 2*c + 54. Give k(-5).
144
Let g(k) = k - 100. Give g(83).
-17
Let n(o) = -118*o + 25846. Calculate n(219).
4
Let j(r) = -r**3 - 4*r**2 + 13*r - 13. Give j(4).
-89
Let l(s) = s**3 + 74*s**2 - 239*s - 734. Determine l(-77).
-118
Let j(y) = -y**3 + y**2 + 273*y - 12. Calculate j(17).
5
Let g(w) = -41*w**2 + 6055*w + 1923. Give g(148).
-1
Let o(d) = -9*d - 139. Calculate o(-14).
-13
Let a(u) = u**3 + 3*u**2 + 826*u + 3333. Determine a(-4).
13
Let b(s) = 43*s - 1020. What is b(24)?
12
Let u(b) = -4*b**2 + 166*b - 1682. Give u(18).
10
Let f(w) = -8*w**2 - 942*w + 946. What is f(1)?
-4
Let y(c) = -c**3 - 39*c**2 - 112*c - 143. Give y(-36).
1
Let q(l) = 6*l - 31. Calculate q(14).
53
Let i(g) = -7*g**2 - 554*g - 92. Give i(-79).
-13
Let m(r) = -12*r + 382. Determine m(16).
190
Let n(z) = -z**3 - 7*z**2 - 6*z - 51. What is n(-4)?
-75
Let d(y) = -y**2 + 28*y - 71. Determine d(25).
4
Let d(u) = 3*u**3 + 834*u**2 + 2479*u + 1105. Determine d(-275).
5
Let w(h) = -h**2 - 157*h - 3554. Determine w(-27).
-44
Let p(a) = -a**2 + 147*a - 3152. Give p(26).
-6
Let r(g) = 12*g**2 - 21*g + 35. Determine r(-5).
440
Let b(s) = s**2 + 33*s + 13. Determine b(-6).
-149
Let o(a) = -705*a + 71904. Determine o(102).
-6
Let j(p) = -46*p + 507. Calculate j(11).
1
Let u(q) = -13*q**2 - 22*q - 23. What is u(-1)?
-14
Let s(d) = 415*d + 3742. Give s(-9).
7
Let t(b) = 2*b**2 + 166*b - 167. Give t(1).
1
Let q(m) = 2*m**2 - 81*m - 149. Calculate q(44).
159
Let c(o) = -o**3 + 46*o**2 - 495*o - 38. What is c(29)?
-96
Let y(c) = -2*c**2 - 1414*c + 5686. Give y(4).
-2
Let m(v) = -231*v + 1375. Give m(6).
-11
Let v(p) = 24*p + 1440. Give v(-60).
0
Let j(o) = o**3 - 253*o**2 + 509*o - 1769. What is j(251)?
-12
Let l(m) = -18*m**2 + 61*m - 178. Calculate l(3).
-157
Let g(a) = -158*a + 12001. Calculate g(76).
-7
Let m(i) = -28*i + 368. Determine m(13).
4
Let h(z) = z - 9. Give h(2).
-7
Let f(v) = 3*v**2 - 13*v - 25. Calculate f(-4).
75
Let c(p) = -22*p - 571. Give c(-26).
1
Let g(d) = -5074*d - 5057. Calculate g(-1).
17
Let j(y) = 454*y + 36767. Determine j(-81).
-7
Let v(p) = -p**2 - 6*p + 202. Determine v(13).
-45
Let s(z) = -21*z + 127. Calculate s(5).
22
Let q(l) = 4858*l - 14559. Give q(3).
15
Let x(s) = 2*s**2 - 27*s - 686. Calculate x(-13).
3
Let i(x) = -92*x - 81. Give i(1).
-173
Let d(f) = 202*f + 2431. Determine d(-12).
7
Let x(q) = 3*q**2 - 503*q - 1532. Calculate x(-3).
4
Let y(m) = -114*m - 545. What is y(-7)?
253
Let u(d) = 10*d**3 - 199*d**2 - 22*d + 59. What is u(20)?
19
Let j(c) = 2*c**2 - 60*c + 339. Determine j(8).
-13
Let g(f) = -f**2 + 76*f - 658. What is g(10)?
2
Let n(i) = -i**3 + 277*i**2 + 1999*i + 72. Give n(-7).
-5
Let y(a) = 4*a**3 - 12*a**2 - 158*a + 2. Calculate y(-5).
-8
Let n(f) = 65*f - 2833. Calculate n(35).
-558
Let f(t) = -569*t + 2255. Calculate f(4).
-21
Let c(d) = -d - 246. Give c(-30).
-216
Let x(w) = -w**3 - 11*w**2 - 24*w + 8. Give x(-11).
272
Let g(w) = 223*w + 4458. Calculate g(-20).
-2
Let v(u) = -2*u**3 + 54*u**2 + 62*u - 60. Give v(28).
108
Let b(u) = u**3 - 3*u**2 - 81*u - 6. Give b(10).
-116
Let q(b) = 40*b**2 + 35*b - 71. What is q(2)?
159
Let f(u) = -25*u + 113. Give f(4).
13
Let z(x) = -63*x + 2073. Determine z(33).
-6
Let b(z) = -2*z**2 + 1026*z - 1020. Determine b(1).
4
Let w(g) = -124*g - 17. What is w(-1)?
107
Let q(p) 